what is 1 + -11001?
-11000
In base 11, what is 33 - 3?
30
In base 10, what is 811 + -5?
806
In base 4, what is 11001 + -10?
10331
In base 3, what is 0 + 2220?
2220
In base 13, what is -6 + 15?
c
In base 4, what is 30 - -10233?
10323
In base 16, what is 2 - 1a?
-18
In base 4, what is 2032100 + 0?
2032100
In base 9, what is 2037 - -2?
2040
In base 7, what is -135 + -21?
-156
In base 11, what is -12 + 5?
-8
In base 14, what is 109 - -5?
110
In base 3, what is -2121110 + 11?
-2121022
In base 16, what is -9 - -b?
2
In base 3, what is 22110 - -12?
22122
In base 11, what is 3 + 4?
7
In base 8, what is 2 - -1763?
1765
In base 12, what is 1 + -a6?
-a5
In base 9, what is 378 + -18?
360
In base 9, what is -5 + -1386?
-1402
In base 2, what is 101010 + 11111101?
100100111
In base 3, what is -1 + 201010?
201002
In base 10, what is -2 - -126?
124
In base 5, what is -243 + 10?
-233
In base 4, what is -2212 + 131?
-2021
In base 15, what is 3 - 2?
1
In base 14, what is -5 + 5?
0
In base 12, what is 32 + -6?
28
In base 12, what is 11 - 18?
-7
In base 8, what is -4 + 413?
407
In base 5, what is 432 + 0?
432
In base 4, what is 1003303 - 20?
1003223
In base 5, what is -10 + -2443?
-3003
In base 15, what is 20a - 0?
20a
In base 2, what is 101 + -1010111001?
-1010110100
In base 3, what is 12111 - -11201?
101012
In base 5, what is -414322 - 10?
-414332
In base 12, what is -17 - -6a2?
687
In base 14, what is 1 - -1122?
1123
In base 10, what is 684 - -3?
687
In base 6, what is 42 - 12?
30
In base 8, what is 216 + 10?
226
In base 15, what is 161 - -2?
163
In base 4, what is 1133 - -111?
1310
In base 3, what is -101220 - -2?
-101211
In base 10, what is 1 + -49?
-48
In base 8, what is -2 + 11565?
11563
In base 14, what is -2 + 1c?
1a
In base 3, what is -2100 - 10?
-2110
In base 16, what is -3f + 1?
-3e
In base 13, what is -1 - 6c?
-70
In base 15, what is -1 - 737?
-738
In base 8, what is -11 - -5?
-4
In base 12, what is b + b2?
101
In base 9, what is 34 - -123?
157
In base 9, what is 6 + -26?
-20
In base 5, what is -1442 - 3?
-2000
In base 6, what is 25 - 204?
-135
In base 8, what is -5 + -15356?
-15363
In base 4, what is -3021 - -3?
-3012
In base 11, what is 4 - 52?
-49
In base 8, what is 4 - 13?
-7
In base 15, what is -1 + -8a3?
-8a4
In base 14, what is 1c2 + -5?
1bb
In base 13, what is -1 - -2?
1
In base 4, what is -32 + 12210?
12112
In base 6, what is 10 + 43?
53
In base 7, what is -4510 - -2?
-4505
In base 9, what is 830 - 2?
827
In base 15, what is 2 - -2?
4
In base 7, what is -1 + -126?
-130
In base 6, what is -4 - -124?
120
In base 16, what is b7 - -17?
ce
In base 13, what is -5a - -5?
-55
In base 4, what is -3 - 213?
-222
In base 4, what is -112 + -11?
-123
In base 9, what is 4 - 112?
-107
In base 9, what is -43 - 132?
-175
In base 8, what is -36 - -15?
-21
In base 5, what is -1002 + -3?
-1010
In base 7, what is -1 - -2130?
2126
In base 10, what is 427 - 1?
426
In base 4, what is -30233 - 11?
-30310
In base 14, what is 1b1 + 17?
1c8
In base 3, what is -1221221 - -1?
-1221220
In base 16, what is -3 + -2b?
-2e
In base 15, what is 1 - -6cc?
6cd
In base 4, what is 1 + 103?
110
In base 2, what is -101011 + 10000?
-11011
In base 16, what is e - a6?
-98
In base 9, what is -86 - -4?
-82
In base 11, what is 9 + 2?
10
In base 6, what is -2 + -155?
-201
In base 8, what is 512 - -3?
515
In base 2, what is 0 + -1110010?
-1110010
In base 14, what is -1342 + -1?
-1343
In base 3, what is -12 - 1211?
-2000
In base 13, what is 5 + 1ba?
1c2
In base 14, what is -5 - -6c?
67
In base 12, what is -17 + -2?
-19
In base 12, what is -124 - b?
-133
In base 13, what is -29 - 19a?
-1c6
In base 9, what is -14136 - 0?
-14136
In base 6, what is 231 + 3?
234
In base 14, what is -1a38 - 5?
-1a3d
In base 5, what is 41 - -12200?
12241
In base 11, what is -77 + 82?
6
In base 9, what is 1738 - 3?
1735
In base 7, what is -213 + 14?
-166
In base 10, what is -358 + 4?
-354
In base 12, what is -347 + -5?
-350
In base 4, what is -123 - 1113?
-1302
In base 16, what is 2 - 20d?
-20b
In base 4, what is -10 - -311?
301
In base 8, what is -10 - 14?
-24
In base 15, what is ab + 3?
ae
In base 7, what is -3 + 14034?
14031
In base 11, what is 6 - 1a2?
-197
In base 12, what is 6 - -a?
14
In base 11, what is 6 + -40?
-35
In base 7, what is 0 - 10614?
-10614
In base 12, what is -1 + 62a?
629
In base 8, what is 107 + -2?
105
In base 2, what is -11 - 11?
-110
In base 11, what is -3 - 60?
-63
In base 7, what is -66 + -1?
-100
In base 10, what is 20 - -7?
27
In base 9, what is 3 - -2?
5
In base 4, what is -2110310 - 3?
-2110313
In base 16, what is -5 - -71?
6c
In base 12, what is -19 + 5ba?
5a1
In base 12, what is 770 + -1?
76b
In base 6, what is -114 + 10?
-104
In base 3, what is 1220 - -21212?
100202
In base 9, what is -133 - -210?
66
In base 12, what is -13 + -2a?
-41
In base 16, what is -28 + -5?
-2d
In base 9, what is -500 - -3?
-486
In base 16, what is -1 - acf?
-ad0
In base 2, what is 11100 + -110101110?
-110010010
In base 9, what is -2 + 2434?
2432
In base 14, what is 18 - -4?
1c
In base 3, what is -10001 + 10?
-2221
In base 9, what is -1230 - -4?
-1225
In base 9, what is 7 - -4?
12
In base 7, what is 120 - 14?
103
In base 4, what is 202 - 23?
113
In base 10, what is 7 - -644?
651
In base 10, what is 1441 + -3?
1438
In base 8, what is 547 - -5?
554
In base 10, what is -41 - -5?
-36
In base 6, what is -1 - 4513?
-4514
In base 14, what is 3d - -2?
41
In base 6, what is 31 - -100?
131
In base 14, what is 3b + -5?
36
In base 8, what is -4 + -232?
-236
In base 8, what is -660 - -2?
-656
In base 16, what is -a - -8?
-2
In base 15, what is -10 + -51?
-61
In base 7, what is 10412 - 5?
10404
In base 3, what is -211 - 102?
-1020
In base 2, what is 11 - -100?
111
In base 4, what is -3132 - -2?
-3130
In base 12, what is -3 - 74?
-77
In base 13, what is -45 - 3?
-48
In base 5, what is -2 - -12?
10
In base 5, what is -142001 + -3?
-142004
In base 11, what is 817 - -1?
818
In base 10, what is -9904 + 1?
-9903
In base 9, what is 1881 - 5?
1875
In base 11, what is 1 + 37?
38
In base 7, what is 3145 - 5?
3140
In base 2, what is -10001 + -1011?
-11100
In base 16, what is -d + 2?
-b
In base 3, what is 11101 - 12?
11012
In base 2, what is 1010 + -1001?
1
In base 10, what is -270 + 1?
-269
In base 2, what is 11 + 1010?
1101
In base 14, what is 5a - 11?
49
In base 8, what is -33 + -762?
-1015
In base 2, what is -110001 - -110110001?
110000000
In base 6, what is -102 + 123?
21
In base 16, what is -89 + 2?
-87
In base 2, what is 11111010 + -101?
11110101
In base 12, what is 1 + 123b?
1240
In base 8, what is 11 - -572?
603
In base 13, what is 131 - 7c?
82
In base 11, what is -1 + -167?
-168
In base 12, what is -5 - 25?
-2a
In base 12, what is 938 - -4?
940
In base 14, what is 6 + 69?
71
In base 5, what is -1114 - 212?
-1331
In base 16, what is 2b - a?
21
In base 4, what is -1 + 121?
120
In base 8, what is -101 + 6?
-73
In base 8, what is 7 - -4?
13
In base 7, what is -1452 - 1?
-1453
In base 9, what is 303 - -4?
307
In base 6, what is 235 - -1?
240
In base 2, what is -1110 + 100001011?
11111101
In base 8, what is 0 - 310?
-310
In base 9, what is -4 - -1488?
1484
In base 10, what is 0 - -679?
679
In base 16, what is -2 + -588?
-58a
In base 16, what is -19 - 100?
-119
In base 14, what is -7952 + 5?
-794b
In base 9, what is -3 + 2631?
2627
In base 10, what is 794 + 9?
803
In base 13, what is 5 + -2b?
-26
In base 2, what is -11011110 - -1011?
-11010011
In base 9, what is -48 + -5?
-54
In base 13, what is 0 + -10b?
-10b
In base 10, what is 5 + -30?
-25
In base 8, what is -373 + 75?
-276
In base 2, what is -10110 - 1011?
-100001
In base 7, what is -2 - 12453?
-12455
In base 15, what is a + -e?
-4
In base 9, what is 7361 - 0?
7361
In base 11, what is 10 + 22?
32
In base 7, what is 315 + -2?
313
In base 2, what is 100 + 10111101?
11000001
In base 14, what is a - -9?
15
In base 2, what is 1001110111 + 0?
1001110111
In base 8, what is -11234 + -1?
-11235
In base 7, what is -33 - 65?
-131
In base 5, what is 12020 + 0?
12020
In base 6, what is -254 - 10?
-304
In base 10, what is -163 + 60?
-103
In base 14, what is -23c + 5?
-237
In base 13, what is -40 - 0?
-40
In base 10, what is 0 + 3?
3
In base 2, what is -10010 - -110011?
100001
In base 2, wh